{"id":14,"date":"2025-09-01T06:20:41","date_gmt":"2025-09-01T06:20:41","guid":{"rendered":"https:\/\/valmiera.motoparks.lv\/?page_id=14"},"modified":"2025-09-01T06:20:41","modified_gmt":"2025-09-01T06:20:41","slug":"service-list","status":"publish","type":"page","link":"https:\/\/valmiera.motoparks.lv\/","title":{"rendered":"Service List"},"content":{"rendered":"<div class=\"km-wrap\">\r\n  \r\n  <div class=\"km-card\">\r\n    <div class=\"km-toolbar\">\r\n      <div class=\"km-title\">Service List<\/div>\r\n      <button class=\"km-btn km-open-new\">Add New Entry<\/button>\r\n                      <a class=\"km-chip \" href=\"\/index.php?rest_route=%2Fwp%2Fv2%2Fpages%2F14&#038;kmf=today\">Today<\/a>\r\n                      <a class=\"km-chip \" href=\"\/index.php?rest_route=%2Fwp%2Fv2%2Fpages%2F14&#038;kmf=tomorrow\">Tomorrow<\/a>\r\n                      <a class=\"km-chip \" href=\"\/index.php?rest_route=%2Fwp%2Fv2%2Fpages%2F14&#038;kmf=3days\">Upcoming 3 days<\/a>\r\n                      <a class=\"km-chip \" href=\"\/index.php?rest_route=%2Fwp%2Fv2%2Fpages%2F14&#038;kmf=7days\">Upcoming 7 days<\/a>\r\n                      <a class=\"km-chip active\" href=\"\/index.php?rest_route=%2Fwp%2Fv2%2Fpages%2F14&#038;kmf=all\">See All<\/a>\r\n          <\/div>\r\n  <tbody>\r\n    <div class=\"km-table\">\r\n      <div class=\"km-row\" style=\"font-weight:600;color:#a7b4c9\">\r\n        <div>Date<\/div><div>Client #<\/div><div>Vehicle<\/div><div>Assigned To<\/div><div>Priority<\/div><div>Status<\/div><div>Comment<\/div><div>Mech. Comment<\/div><div>Actions<\/div>\r\n      <\/div>\r\n                      <div class=\"km-row\" data-id=\"78\" data-meta=\"{&quot;date&quot;:&quot;2025-09-30&quot;,&quot;client&quot;:&quot;TEL. NR.&quot;,&quot;vehicle&quot;:&quot;APAR\\u0100TS&quot;,&quot;assigned_to&quot;:&quot;MEH\\u0100NI\\u0136A V\\u0100RDS&quot;,&quot;priority&quot;:&quot;High&quot;,&quot;status&quot;:&quot;Scheduled&quot;,&quot;comment&quot;:&quot;KOMENT\\u0100RS&quot;,&quot;mech_comment&quot;:&quot;MEH\\u0100NI\\u0136A KOMENT\\u0100RS&quot;}\">\r\n          <div>2025-09-30<\/div>\r\n          <div>TEL. NR.<\/div>\r\n          <div>APAR\u0100TS<\/div>\r\n          <div>MEH\u0100NI\u0136A V\u0100RDS<\/div>\r\n          <div><span class=\"km-badge high\">High<\/span><\/div>\r\n          <div class=\"km-col-status\"><span class=\"km-status scheduled\">Scheduled<\/span><\/div>\r\n          <div>KOMENT\u0100RS<\/div>\r\n          <div>MEH\u0100NI\u0136A KOMENT\u0100RS<\/div>\r\n          <div class=\"km-actions\">\r\n            <a href=\"#\" class=\"km-edit\">Edit<\/a>\r\n            <a href=\"#\" class=\"km-delete\">Delete<\/a>\r\n          <\/div>\r\n        <\/div>\r\n                      <div class=\"km-row\" data-id=\"80\" data-meta=\"{&quot;date&quot;:&quot;2025-09-26&quot;,&quot;client&quot;:&quot;&quot;,&quot;vehicle&quot;:&quot;CF520&quot;,&quot;assigned_to&quot;:&quot;Andris&quot;,&quot;priority&quot;:&quot;Medium&quot;,&quot;status&quot;:&quot;Scheduled&quot;,&quot;comment&quot;:&quot;Apkope&quot;,&quot;mech_comment&quot;:&quot;P\\u0101rbaud\\u012bt rito\\u0161o da\\u013cu,kas ar riepu spiedienu&quot;}\">\r\n          <div>2025-09-26<\/div>\r\n          <div><\/div>\r\n          <div>CF520<\/div>\r\n          <div>Andris<\/div>\r\n          <div><span class=\"km-badge medium\">Medium<\/span><\/div>\r\n          <div class=\"km-col-status\"><span class=\"km-status scheduled\">Scheduled<\/span><\/div>\r\n          <div>Apkope<\/div>\r\n          <div>P\u0101rbaud\u012bt rito\u0161o da\u013cu,kas ar riepu spiedienu<\/div>\r\n          <div class=\"km-actions\">\r\n            <a href=\"#\" class=\"km-edit\">Edit<\/a>\r\n            <a href=\"#\" class=\"km-delete\">Delete<\/a>\r\n          <\/div>\r\n        <\/div>\r\n                      <div class=\"km-row\" data-id=\"81\" data-meta=\"{&quot;date&quot;:&quot;2025-09-26&quot;,&quot;client&quot;:&quot;&quot;,&quot;vehicle&quot;:&quot;Goes 50p&quot;,&quot;assigned_to&quot;:&quot;Andris&quot;,&quot;priority&quot;:&quot;Low&quot;,&quot;status&quot;:&quot;Scheduled&quot;,&quot;comment&quot;:&quot;Apkope&quot;,&quot;mech_comment&quot;:&quot;P\\u0101rbaud\\u012bt riepu spiedienu,k\\u0101ds brem\\u017eu klu\\u010du st\\u0101voklis utt&quot;}\">\r\n          <div>2025-09-26<\/div>\r\n          <div><\/div>\r\n          <div>Goes 50p<\/div>\r\n          <div>Andris<\/div>\r\n          <div><span class=\"km-badge low\">Low<\/span><\/div>\r\n          <div class=\"km-col-status\"><span class=\"km-status scheduled\">Scheduled<\/span><\/div>\r\n          <div>Apkope<\/div>\r\n          <div>P\u0101rbaud\u012bt riepu spiedienu,k\u0101ds brem\u017eu klu\u010du st\u0101voklis utt<\/div>\r\n          <div class=\"km-actions\">\r\n            <a href=\"#\" class=\"km-edit\">Edit<\/a>\r\n            <a href=\"#\" class=\"km-delete\">Delete<\/a>\r\n          <\/div>\r\n        <\/div>\r\n          <\/div>\r\n  <\/div>\r\n<\/div>\r\n<!-- Modal -->\r\n<div class=\"km-modal-backdrop\" id=\"kmoto-modal\">\r\n  <div class=\"km-modal\">\r\n    <header><span id=\"kmoto-form-title\">Add New Service Entry<\/span><a href=\"#\" class=\"km-close-modal\" aria-label=\"Close\" style=\"color:#9fb2d8\">\u2715<\/a><\/header>\r\n    <div class=\"km-body\">\r\n      <form id=\"kmoto-service-form\">\r\n        <input type=\"hidden\" id=\"kmoto-edit-id\" name=\"id\" value=\"\"\/>\r\n        <div class=\"km-grid\">\r\n                      <label>\r\n              Date              <input class=\"km-field\" type=\"date\" name=\"date\"\/>            <\/label>\r\n                      <label>\r\n              Client #              <input class=\"km-field\" type=\"text\" name=\"client\"\/>            <\/label>\r\n                      <label>\r\n              Vehicle              <input class=\"km-field\" type=\"text\" name=\"vehicle\"\/>            <\/label>\r\n                      <label>\r\n              Assigned To              <input class=\"km-field\" type=\"text\" name=\"assigned_to\"\/>            <\/label>\r\n                      <label>\r\n              Priority              <select class=\"km-field\" name=\"priority\"><option value=\"Low\">Low<\/option><option value=\"Medium\">Medium<\/option><option value=\"High\">High<\/option><\/select>            <\/label>\r\n                      <label>\r\n              Status              <select class=\"km-field\" name=\"status\"><option value=\"Scheduled\">Scheduled<\/option><option value=\"In Progress\">In Progress<\/option><option value=\"On Hold\">On Hold<\/option><option value=\"Completed\">Completed<\/option><\/select>            <\/label>\r\n                      <label>\r\n              Comment              <textarea class=\"km-field km-textarea\" name=\"comment\"><\/textarea>            <\/label>\r\n                      <label>\r\n              Mech. Comment              <textarea class=\"km-field km-textarea\" name=\"mech_comment\"><\/textarea>            <\/label>\r\n                  <\/div>\r\n      <\/form>\r\n    <\/div>\r\n    <footer>\r\n      <a href=\"#\" class=\"km-btn secondary km-close-modal\">Cancel<\/a>\r\n      <button class=\"km-btn\" form=\"kmoto-service-form\">Save<\/button>\r\n    <\/footer>\r\n  <\/div>\r\n<\/div>\r\n\n","protected":false},"excerpt":{"rendered":"","protected":false},"author":1,"featured_media":0,"parent":0,"menu_order":0,"comment_status":"closed","ping_status":"closed","template":"","meta":{"footnotes":""},"class_list":["post-14","page","type-page","status-publish","hentry"],"_links":{"self":[{"href":"https:\/\/valmiera.motoparks.lv\/index.php?rest_route=\/wp\/v2\/pages\/14","targetHints":{"allow":["GET"]}}],"collection":[{"href":"https:\/\/valmiera.motoparks.lv\/index.php?rest_route=\/wp\/v2\/pages"}],"about":[{"href":"https:\/\/valmiera.motoparks.lv\/index.php?rest_route=\/wp\/v2\/types\/page"}],"author":[{"embeddable":true,"href":"https:\/\/valmiera.motoparks.lv\/index.php?rest_route=\/wp\/v2\/users\/1"}],"replies":[{"embeddable":true,"href":"https:\/\/valmiera.motoparks.lv\/index.php?rest_route=%2Fwp%2Fv2%2Fcomments&post=14"}],"version-history":[{"count":1,"href":"https:\/\/valmiera.motoparks.lv\/index.php?rest_route=\/wp\/v2\/pages\/14\/revisions"}],"predecessor-version":[{"id":15,"href":"https:\/\/valmiera.motoparks.lv\/index.php?rest_route=\/wp\/v2\/pages\/14\/revisions\/15"}],"wp:attachment":[{"href":"https:\/\/valmiera.motoparks.lv\/index.php?rest_route=%2Fwp%2Fv2%2Fmedia&parent=14"}],"curies":[{"name":"wp","href":"https:\/\/api.w.org\/{rel}","templated":true}]}}